3
Let v = 1017 + 1240. List the prime factors of v.
37, 61
Let z be (54/(-12) + -6)/(1/2). Let q(p) = p**3 + 22*p**2 + 13*p - 19. List the prime factors of q(z).
149
Let x be -5 - 8/(-3 + 1). Let a be (3 + x)/(4/132). List the prime factors of a/9 - 3/9.
7
Let g = 740 + -298. List the prime factors of g.
2, 13, 17
Suppose 0 = 5*q - c + 6*c - 1245, q + 4*c = 243. Suppose 10*j = 9*j + q. What are the prime factors of j?
251
Suppose 4*y + 4*r - 20 = 2*r, -3*r - 10 = -4*y. Suppose -13 = -y*b + 47. Suppose b = t + 2. List the prime factors of t.
13
Let o = -35 - -36. What are the prime factors of 1 - o - -277 - 2?
5, 11
Suppose 7*o - 3046 = 1245. List the prime factors of o.
613
Let b(l) = -4*l**2 - l - 4. Let w be b(-6). Let c = w + 269. List the prime factors of c.
127
Suppose -4*h - 2*p = -3*p + 41, 0 = -4*h - 3*p - 21. Let v(c) = -9*c - 16. What are the prime factors of v(h)?
5, 13
List the prime factors of -3*(9336/(-32))/(9/8).
2, 389
Let y(t) = 4*t + 5*t + 7*t**3 - t**3 - 1 - t**2 - 8*t. Let h be y(1). Suppose -h*b = 27 - 67. List the prime factors of b.
2
Suppose -5 = -y - 4*p, -3*y - 1 = y - 5*p. Let f be 6 + -6 + y + 24. Suppose -f = -3*q + i, -15 = -2*q + 4*i + 15. List the prime factors of q.
7
Let w = 62 - -239. List the prime factors of w.
7, 43
Suppose -6559 = -4*c - 31*g + 30*g, -8180 = -5*c + 5*g. What are the prime factors of c?
11, 149
Let p be 178 + -1 + 1 + -1. Let b = p + -71. List the prime factors of b.
2, 53
What are the prime factors of (0 - 3473 - -5)*(-2 + 1)?
2, 3, 17
Let n(g) = -2*g + 1. Let r(l) = 2*l - 1. Let u(m) = 7*n(m) + 6*r(m). Let c be u(-1). Suppose 67 = c*s - 35. List the prime factors of s.
2, 17
Let p = -164 - -815. List the prime factors of p.
3, 7, 31
Let y(h) = -h**2 - 13*h - 16. Let d be y(-11). Suppose d*s - 23 - 223 = 0. What are the prime factors of s?
41
What are the prime factors of (-3)/(-7 + (-74816)/(-10689))?
3, 509
Suppose -26941 = -16*u - 11069. What are the prime factors of u?
2, 31
Suppose 0 = 168*y - 160*y - 24528. What are the prime factors of y?
2, 3, 7, 73
Suppose -3*j - 66 = -s, 3*s = s - 5*j + 132. Suppose 0 = -4*z + z + s. What are the prime factors of z?
2, 11
Let n(x) = x**3 - x - 1. Let a be n(2). Suppose l - 96 = -a*r, -l + 450 = 4*l - 5*r. List the prime factors of l.
7, 13
Let q(c) = -c**2 - 14*c + 3. Let t be q(-15). Let b be (-423)/6*t/(-9). Let g = -63 - b. List the prime factors of g.
31
Suppose 2*t = 77 + 9. Let h = -18 + t. What are the prime factors of h?
5
Suppose 0 = -2*s + 2*t + 426, 0*t - 840 = -4*s - 2*t. List the prime factors of s.
211
Suppose 7 = 4*g - 5. Suppose 0 = -2*m + 3*j - 7, -3*m + 4 = g*j - 23. Suppose 91 = a + 4*a + m*w, 8 = 2*w. List the prime factors of a.
3, 5
Let s(k) = 698*k**2 + 33*k + 32. What are the prime factors of s(-1)?
17, 41
What are the prime factors of (2085/25)/(11/55)?
3, 139
Suppose 3*w + 18 = 6*w. Suppose -330 - 132 = -w*v. What are the prime factors of v?
7, 11
Suppose 3*u - 6*u - 2*g + 253 = 0, 3*g = 4*u - 309. List the prime factors of u.
3
Let a be 10 + -3 - (0 + 1). Suppose -3*k + 1305 = a*k. What are the prime factors of k?
5, 29
Let b(j) be the second derivative of -j**3/3 - 4*j**2 - 7*j. Let m be b(-5). Suppose -g - 5*z + 50 - 11 = 0, m*g - 54 = -4*z. What are the prime factors of g?
19
Let k be ((-12)/8)/((-2)/156). Let s = -166 + k. Let n = s - -72. List the prime factors of n.
23
Suppose -u + 35 = 3*f, -u + 10 - 5 = 0. List the prime factors of f.
2, 5
Let l be ((-2)/2 - 6/8)*28. Let z be 2*(-2)/(0 - 4). Let o = z - l. List the prime factors of o.
2, 5
Suppose 0 = -4*i + 8*i + 540. What are the prime factors of (-30)/i - (-178)/9?
2, 5
Suppose -20*v + 13660 = -0*v. What are the prime factors of v?
683
Suppose 6*f - 2*f - 4*l - 2060 = 0, -3*f = 4*l - 1538. Suppose -q + 127 = j, 2*j + 2*j = 2*q + f. Suppose j = c + 3*c. List the prime factors of c.
2
Let i(z) = 2*z + 4. Let o be i(-3). Let h(x) = 13*x - 16*x - 1 + 4 - 12*x. List the prime factors of h(o).
3, 11
What are the prime factors of 102276/45 + 2/10?
2273
Let g(z) = 2182*z + 19. What are the prime factors of g(1)?
31, 71
Suppose -o - 9 = -2*o. Let p = -9 + o. List the prime factors of p + (-66)/((-9)/3).
2, 11
Let q(d) = 0*d + 3 + 15*d + 5*d + 5. What are the prime factors of q(8)?
2, 3, 7
Let i = 28 - 83. Let l = 118 + i. What are the prime factors of l?
3, 7
Suppose 2*r + q - 95 = -2*q, -4*r - 5*q + 187 = 0. Let v be ((-6)/(-8))/(3/12). Suppose -3*c - 1 + r = 2*i, -2*i = -v*c - 54. What are the prime factors of i?
2, 3
Let k(x) = 5*x + 5. Let w(l) = -4*l - 6. Let f(j) = 3*k(j) + 2*w(j). Let r(a) = a + 1. Let v be r(6). List the prime factors of f(v).
2, 13
Let s(w) = -55*w + 212. What are the prime factors of s(-18)?
2, 601
Let i be ((-4)/8)/(-1)*10. Suppose 0 = -3*z - z - g + 76, -i*z + g + 95 = 0. Suppose -5*k = l - 75, 0 = k - 4*l - 55 + z. List the prime factors of k.
2
Let h = 151 + 81. What are the prime factors of h/16 - ((-6)/4)/3?
3, 5
Suppose 5*o + 44 = 4*z - 0*z, 5*z - 96 = -4*o. Suppose -4 + z = 4*l. Suppose 0 = -3*r + l*a + 51, -3*r + 2*a - 44 = -7*r. List the prime factors of r.
13
Let z be 3/5 - (-40)/100. Let g(q) = 95*q**2 + q - 2. Let v be g(z). Let i = v - 36. List the prime factors of i.
2, 29
Let j(g) = 11*g**2 - 38*g - 122. What are the prime factors of j(-13)?
23, 97
Suppose -2*l + 0*l - 20 = 0. Let m = l - -13. Suppose -x + 2*x - w = 1, 9 = m*x - w. List the prime factors of x.
2
Suppose 8*n - 4*k = 3*n + 19, 4*n - 15 = 3*k. Suppose -n*f + 450 = 3*b - 0*b, 141 = b + 4*f. List the prime factors of b.
3, 17
Let v = -263 + 1597. List the prime factors of v.
2, 23, 29
Suppose -p + 3*h + 272 = 0, 0*h + 540 = 2*p - 5*h. What are the prime factors of p?
2, 5, 13
Let j be (-4)/26 + 1828/52. Suppose -d - j = -3*c, -6*c + 3*c - 3*d + 39 = 0. Suppose -c = 4*l, 50 = 3*f + l - 112. List the prime factors of f.
5, 11
Let c = -198 - -384. Let v = c - 47. List the prime factors of v.
139
Suppose -7*w + 180 = -4*w. Suppose -a + 0*a = -w. What are the prime factors of a?
2, 3, 5
Let m be (-11 + 12)/(1/331). Let a = m + -132. What are the prime factors of a?
199
Suppose -3*w = f + 9, 3*f = 4*f. Let c be 2/(-5)*(-240 + 0)/4. What are the prime factors of (-2)/w*396/c?
11
List the prime factors of -4 + ((-38230)/(-15)*-6)/(-4).
3, 19, 67
Let v(s) = 20*s**2 + 2*s - 1. Let z be v(1). Suppose -z - 19 = -5*a. What are the prime factors of ((-2)/(-8))/(a/608)?
19
What are the prime factors of -12 - 28/8*-2 - -942?
937
Let d be -1 + 4 + -5 - 11. Let y = d + 26. What are the prime factors of y?
13
Suppose -2*i + 3*o - 57 = 0, -2*i - 4*o = -6*i - 120. Let v(p) = -p + 4. Let s be v(4). What are the prime factors of s*1/(-3) - i?
3, 11
Let m(s) = -207*s - 17. Let a be m(-8). Suppose 2*n + 2902 + 3654 = 4*b, -b + 2*n = -a. What are the prime factors of b/33 + 2/6?
2, 5
Suppose p = -0*i + 2*i + 2, -i + 2*p = 1. Let t be 19 - 0 - (0 - i). List the prime factors of t + (1 - -2 - 0).
3, 7
Suppose 3 = -27*w + 28*w. Suppose -w*c + 28 = -11. List the prime factors of c.
13
Let y(n) = -7*n + 1. Suppose -2*d - 6*d - 48 = 0. List the prime factors of y(d).
43
Let w be (-3 - -3)/5 - -2. Suppose -4*r = -f + 14, -3*f - w*r = -0*r. Suppose -3*k + o + 230 = 2*k, f*o + 178 = 4*k. What are the prime factors of k?
47
Suppose -5*x - 6 = -1. Let d be x/(12/(-8))*3. Suppose -2*s + 70 - 14 = -g, d*g + 28 = s. List the prime factors of s.
2, 7
Suppose 0 = 2*x + 8*x - 60. Let v(p) be the third derivative of p**4/4 - 3*p**3/2 + 3*p**2. What are the prime factors of v(x)?
3
Suppose -j + 2318 = 2*t, 5*t = -7*j + 5*j + 4641. List the prime factors of j.
2, 577
Suppose -2*v = 3*u - 0*v - 1198, -4*v = -20. List the prime factors of u.
2, 3, 11
Suppose 0 = 4*c - 3*c - 3. Let z be (-5)/(-2) - 4/8. Suppose z*l - c*h = 22, -3*l + 5*h = -20 - 11. What are the prime factors of l?
17
Let p = 151 + -73. Let q = -320 + 324. Suppose -q*k + p = -k. List the prime factors of k.
2, 13
List the prime factors of (-8422)/(-10) + 62/(-310).
2, 421
Let o = 35 + -103. Let p = o + 73. What are the prime factors of p?
5
Suppose -165 - 3 = -4*z. Suppose 0*s + 44 = 2*s. Let u = z - s. What are the prime factors of u?
2, 5
Suppose 0 = 3*s + 44 - 296. What are the prime factors of s?
2, 3, 7
Let q = 49 - 19. What are the 